 -a**2 + 2*a + 6. Let p be 32/24*(-3)/2. Let n be p/6 + 16/3. Determine z(n).
-8
Suppose -93 = -11*w - 38. Let u(i) = i**2 - 5*i - 8. Calculate u(w).
-8
Let b(c) = 2*c**3 + 5*c**2 - 27*c - 23. Let r(y) = -y**3 - 3*y**2 + 12*y + 11. Let f(g) = -4*b(g) - 9*r(g). What is f(-7)?
-7
Let b(d) = -d + 5. Let n(o) = -3*o + 14. Let z(h) = -8*b(h) + 3*n(h). Let l = -32373 + 32379. What is z(l)?
-4
Let j = -4 + 6. Suppose 5*r - v = 0, 0*v + 2*v + 12 = -j*r. Let l(p) = -32*p + 10*p + 14*p + 148 - 147. Calculate l(r).
9
Suppose -3*q + 18 = 4*j, 2*j = -5*q - 26 + 42. Let k(z) = z**2 - 10*z + 25. Calculate k(j).
4
Let b(i) be the first derivative of 0*i**2 + 18*i + 1/3*i**3 - 63 - 1/4*i**4. Determine b(0).
18
Let v(a) = a**2 + 1. Let j be 2/(-7) + (-18)/(-14). Let h = -7766 - -7771. Suppose -o = -h*k + 4*k - j, -o + 3*k + 3 = 0. Calculate v(o).
1
Suppose 4*f - 3*w - 2 = 0, 4*f - 27 = -2*w - 55. Let g(h) = h**3 + h**2 + h + 1. Let p(x) = 4*x**3 - x**2 + 3*x + 4. Let c(l) = -5*g(l) + p(l). What is c(f)?
-25
Let u(t) = -7*t**2 - 6*t. Let n(o) = -20*o**2 - 17*o + 1. Let v(k) = -6*n(k) + 17*u(k). Suppose -5*i = -2*f - 6 - 4, -3*i + 10 = -2*f. Determine v(i).
-6
Let n(j) = -3*j**3 + 21*j**2 - 15*j - 15. Let s be n(6). Let x(l) = -3*l**2 + 15*l - 7. Give x(s).
11
Suppose i - g = -4, 863*i = 865*i - g + 3. Let h(r) = -15*r**2 - r + 2. What is h(i)?
-14
Let h(o) = o + 35. Let g(l) = l + 18. Let u(z) = -5*g(z) + 3*h(z). Let b be (15 - 15)/(-18)*-1. Determine u(b).
15
Let g(u) = -u - 20. Let t be -375 - (7 + (-20)/5). Let o = t - -378. What is g(o)?
-20
Let s(q) = q**2 + 3*q - 27. Let n(h) = 103*h + 206. Let t be n(-2). Determine s(t).
-27
Let g(z) = 14*z + 11. Let a(i) = -6*i - 5. Let d(o) = 23*a(o) + 10*g(o). Give d(-18).
-41
Let p(q) = -q**3 + 7*q**2 - 8*q + 1. Let z(k) be the second derivative of -k**4/12 + 2*k**3/3 + 9*k**2 + 187*k. Let x be z(6). Calculate p(x).
-11
Let l(u) = 3*u**2 + 4*u + 3. Let v be l(-2). Let y be (9*1)/1*262/262. Let d(x) = -6 - 9 - y + 16 - x. Calculate d(v).
-15
Let q(x) = -x**2 + 6588*x - 3288*x - 3278*x - 11. Determine q(22).
-11
Suppose 3 = 18*f + 42*f - 59*f. Let v(t) be the second derivative of -21*t + 0 - 1/12*t**4 - 3*t**2 - 5/6*t**f. Give v(-4).
-2
Let u(f) be the third derivative of -f**4/8 - f**3/6 + 2*f**2 - 6*f. Suppose 3*l = 2*p - 4, 0*p = 2*p - l - 8. Calculate u(p).
-16
Let j(h) be the first derivative of 59*h**4/4 - h**3/3 + h + 652. What is j(1)?
59
Let g(o) be the first derivative of o**3/3 + 31*o**2/2 + 146*o + 14632. Calculate g(-22).
-52
Let b = -91 - -76. Let t be 18/4*(-2 + (-10)/b). Let p = 16 + t. Let l(q) = q**3 - 10*q**2 + 2*q - 14. Give l(p).
6
Let v be (-5 - 6/6) + 3. Let j be (-4)/v*(-357)/(-68). Let d(h) = 3*h + 4. Give d(j).
25
Let h(x) = 6*x + 5. Let d be h(-2). Let b be (-2 - -6) + (-4 - (4 + d)). Let o(t) = 6*t + t**b - 1 + 6 + 1 - 4*t**2 + 9*t**2. Calculate o(-4).
-2
Let y(g) be the second derivative of -g**3/3 + g**2/2 - 19213*g + 2. Let h(w) = w**2 - w + 1. Let v be h(0). Let f = v - 5. Give y(f).
9
Let z(b) = -4*b**2 - 3*b - 9. Let l(a) = -7*a**2 - 7*a - 17. Let o(x) = -3*l(x) + 5*z(x). Let q(k) = 5*k**3 + 15*k**2 + 8*k - 10. Let i be q(-2). Give o(i).
6
Suppose 9*q = -1 + 37. Let y(j) = -62 + 5*j**2 + 2*j**2 + q*j**3 + 48 - 3*j**3 + 4*j. Calculate y(-6).
-2
Let o = 76 + -76. Suppose 5*v + 1 - 21 = o. Let b(z) = z**2 + z**2 + 0*z**2 + v - 2*z. What is b(3)?
16
Let d(n) = -2*n**3 + 28*n**2 + 31*n - 15. Suppose 19*i - 16*i = 36. Let c be (-12)/(-20) + i*(-12)/(-10). Let u be d(c). Let p(j) = j**2 - j. Calculate p(u).
0
Let b(t) = t**3 + 8*t**2 + 13*t. Suppose -4*z = r + 10, -42*z + 39*z - 9 = r. Give b(r).
-6
Let k(r) = -r**3 - 18*r**2 - 37*r - 1064. Let u be k(-19). Let x(y) = 11 - 16 - y**2 + 0*y**2. Determine x(u).
-5
Let i(h) = -31*h**3 - 3*h**2 - 2*h. Suppose 41*f + 8 = 4*j + 38*f, 3*f + 13 = -j. Determine i(j).
30
Let w(d) = 2*d - 3. Let z(q) = 26*q - 92. Let x(i) = 12*w(i) - z(i). Give x(27).
2
Let q(m) = -m**3 + 7*m**2 + 22*m - 31. Let d = -3171 + 3180. What is q(d)?
5
Let z(n) be the second derivative of n**5/20 + 5*n**4/12 - 31*n**3/6 - 5*n**2/2 - 2845*n. Determine z(-8).
51
Let v = -103 + 114. Suppose -v*j = 13*j - 168. Let b(i) = i - 9. Determine b(j).
-2
Let j(g) = 3*g**2 + 71 + 496*g**3 - 4*g - 61 - 498*g**3. Determine j(3).
-29
Let n be (4/(-2) - -2) + -28 + 32. Let l(s) = -s**2 - 3 - 13*s - 5 + 2 + 3 + n. Give l(-13).
1
Let p(c) = 3*c**2 + 47*c - 16. Let r be p(-16). Let v(g) = r*g + g + 13 - 20. Let k be 36/20*(-10)/(-3). What is v(k)?
-1
Let j be -6*4*(-1)/(-8). Let g be ((-14)/j)/(26/39). Let c(t) = -t + 0*t - 6 - 2 - g. What is c(-8)?
-7
Let w(b) be the third derivative of b**6/120 + b**5/10 + b**4/24 + b**3/6 - b**2. Let d = -436 + 436. Suppose d = -9*k + 4*k - 30. Determine w(k).
-5
Let s(y) = -2*y**3 + 58*y**2 - 57*y + 33. Let t be s(28). Let b(q) be the second derivative of -1/2*q**t + 1/2*q**2 - 19*q + 0 + 0*q**3 - 1/6*q**4. Give b(-1).
9
Suppose -71 = -6*t - 119. Let v(m) = m + 11. Let s(n) = 13. Let k(h) = -2*s(h) + 3*v(h). Give k(t).
-17
Let i(b) = 7*b**2 - 13*b + 9. Let s(t) = -2*t**2 + t + 5. Let d(f) = -i(f) - 3*s(f). Give d(6).
0
Let u(j) = j**2 + 8*j + 19. Suppose 0 = -121*r - 921 + 558. Calculate u(r).
4
Let x(u) = u**3 - 4*u**2 + 2*u - 5. Let m be 5 + 2075/5 + 0. Suppose -2 = -t - 0, -4*z + 2*t + 44 = 0. Let q be 3/z + (m/16)/7. Determine x(q).
3
Let z be (-81)/18*(-50)/45. Let f(c) = -4*c**3 + 12*c**2 - 2*c - 4. Let u(j) = -5*j**3 + 15*j**2 - 3*j - 4. Let i(d) = z*u(d) - 6*f(d). Calculate i(3).
-5
Let j(k) = 229 + 227 - 466 + 15*k - 21*k. Give j(-4).
14
Let r(v) = 8*v**2 + 6*v**2 + v**3 - 16*v**2 + 7 - 6 + v. What is r(-3)?
-47
Let c(l) = -2*l**2 - 28*l + 30. Let k = -10662 + 10647. Give c(k).
0
Let n = 62 - 60. Let j be 2 + 0 - 0 - (-4)/n. Let g(s) = -j*s + 2*s - 126 + 125. Give g(2).
-5
Suppose -55 = -81*h + 76*h. Let b(w) = -w**3 + 11*w**2 - 2*w - 2. Determine b(h).
-24
Let x(w) = 17*w - 46. Let s(m) = -20*m + 43. Let f(l) = -8*s(l) - 10*x(l). Give f(11).
6
Let y(w) = -94*w + 304*w - 142*w + 136 - 90*w. What is y(6)?
4
Let w = 806 - 775. Suppose 12*u + 57 = w*u. Let t(x) = x**3 - 5*x**2 + 2*x - 3. What is t(u)?
-15
Let f(c) = c**3 - 6*c**2 + 15*c - 19. Let l(j) = 2*j**2 - 44*j + 196. Let r be l(6). Calculate f(r).
9
Let k(b) = 3*b**2 + 2*b - 2. Let g(a) = -3*a**2 - a. Let u be g(-1). Let p be k(u). Let h(w) = -11 - 2*w + 13 - p. Calculate h(4).
-12
Let b(y) = -4*y - 25 + 2*y**2 + 0*y**2 + 16 + y**2. Let a be b(3). Let f(t) = -a*t**2 - 28 + 16 + 20 - 6*t + t**3. Determine f(6).
-28
Let b = 1078 - 1075. Suppose -3*h = -5*y + 23 - 4, 3*y - 18 = 4*h. Let g(s) = -2*s**3 - s**3 - 5 + s**2 + y*s**3 + b. Determine g(2).
-6
Let j be 259/74 - 7/2. Suppose j = -23*g - 0*g - 92. Let h(l) = l**3 + 5*l**2 + l - 5. Calculate h(g).
7
Suppose 4*p = -n + 6*p - 15, 2*n - 3*p + 26 = 0. Let w be n*20/(-18) + (-10)/(-45). Suppose w = -0*k - 2*k. Let b(r) = -r**3 - 5*r**2 - 4*r - 6. Calculate b(k).
-6
Let f(x) be the third derivative of -x**4/24 + 9*x**3/2 - 3*x**2 - 92*x. What is f(36)?
-9
Let x(i) = i**2 + 20*i + 46. Let v(g) = -25*g + 2934. Let h be v(118). Give x(h).
-18
Let v(o) = 7*o**3 - 2*o**2 - 13*o + 12. Let q(w) = -15*w**3 + 5*w**2 + 27*w - 26. Let s(f) = -6*q(f) - 13*v(f). Let b = -18 + 13. Give s(b).
-10
Let y(t) = 68 - 69 + 6*t**3 - 2*t**2 - 5*t**3 - 9*t + 3 + 11*t**2. Give y(-9).
83
Let t(g) be the first derivative of g**4/4 + g**3/3 + g**2/2 - 17. Let l(b) = b**3 - 21*b**2 + 19*b + 25. Let x be l(20). Suppose 0 = -11*c - 16 + x. Give t(c).
-1
Let z(j) = -33*j - 31. Let v(u) = 10*u + 10. Let q(g) = -3*v(g) - z(g). Suppose 0*f + 2*f = -5*d + 10, 6 = 3*d - 5*f. Determine q(d).
7
Let g(m) be the third derivative of -m**5/60 + m**4/6 + m**3/3 + 2289*m**2. Suppose 3*h + j - 10 = 0, -3*h + j + 18 = h. What is g(h)?
2
Let j(u) = 2*u**2 + 2*u + 3. Suppose 105*p = 90*p + 330. Suppose -21*r - p = 20. Calculate j(r).
7
Let c = -369 + 369. Let a(m) = 5*m + m - 17 + c*m - m**2 + 11. Suppose t + 8 = 3*t. Determine a(t).
2
Let i = 20551 - 20548. Let j(u) = -u**3 + 4*u + 8. Determine j(i).
-7
Let i be (5/2)/((-19)/(-988)*26). Let u(g) = g**2 - 3*g + 26. Give u(i).
36
Let q(u) be the first derivative of 11*u**2/2 + 9*u - 739. Determine q(-5).
-46
Let n(u) = -3 + 2*u**3 + 3*u**3 - 4*u*